alculate the highest common factor of 260 and 160.
20
Calculate the highest common divisor of 18170 and 230.
230
Calculate the greatest common factor of 324 and 252.
36
What is the greatest common factor of 6465 and 45?
15
What is the greatest common divisor of 12 and 13308?
12
What is the highest common divisor of 806 and 186?
62
What is the greatest common factor of 1189 and 1044?
29
What is the greatest common divisor of 715 and 220?
55
Calculate the greatest common divisor of 11978 and 904.
226
What is the highest common factor of 3869 and 1095?
73
What is the greatest common divisor of 15312 and 36?
12
What is the highest common divisor of 15 and 495?
15
What is the greatest common divisor of 602 and 14?
14
Calculate the greatest common divisor of 3718 and 429.
143
What is the highest common factor of 9 and 2367?
9
Calculate the highest common divisor of 327 and 72267.
327
Calculate the greatest common factor of 10695 and 60.
15
Calculate the greatest common factor of 7668 and 216.
108
Calculate the greatest common factor of 871 and 469.
67
Calculate the highest common factor of 6 and 286.
2
Calculate the greatest common factor of 102 and 255.
51
Calculate the highest common factor of 390 and 78.
78
What is the greatest common divisor of 2096 and 131?
131
What is the highest common factor of 26 and 4?
2
What is the highest common divisor of 32669 and 7?
7
Calculate the highest common factor of 28 and 49.
7
Calculate the highest common factor of 8 and 124.
4
What is the greatest common divisor of 60 and 705?
15
What is the highest common divisor of 51 and 561?
51
Calculate the greatest common divisor of 7 and 21.
7
What is the greatest common factor of 105 and 357?
21
Calculate the highest common factor of 648 and 288.
72
What is the greatest common divisor of 426 and 6?
6
What is the greatest common divisor of 4 and 4?
4
What is the highest common factor of 204 and 629?
17
Calculate the highest common factor of 132 and 154.
22
What is the greatest common factor of 12 and 732?
12
What is the highest common factor of 1378 and 530?
106
Calculate the greatest common divisor of 70 and 110.
10
What is the greatest common divisor of 33 and 77?
11
Calculate the highest common divisor of 101 and 1.
1
What is the greatest common factor of 4774 and 55?
11
Calculate the highest common factor of 5202 and 3757.
289
What is the greatest common divisor of 14 and 1302?
14
Calculate the greatest common factor of 48 and 324.
12
Calculate the highest common factor of 94 and 29422.
94
What is the greatest common factor of 485 and 97?
97
What is the greatest common divisor of 1120 and 245?
35
Calculate the greatest common factor of 5 and 80.
5
What is the greatest common divisor of 68 and 1700?
68
Calculate the highest common divisor of 78 and 10.
2
Calculate the highest common factor of 26 and 338.
26
Calculate the greatest common divisor of 27 and 63.
9
Calculate the highest common factor of 78 and 18.
6
Calculate the greatest common factor of 146 and 584.
146
Calculate the greatest common divisor of 529 and 92.
23
Calculate the highest common factor of 1624 and 56.
56
Calculate the highest common factor of 11 and 20460.
11
What is the highest common factor of 16 and 304?
16
Calculate the greatest common factor of 16 and 4.
4
What is the highest common divisor of 166 and 1079?
83
What is the greatest common divisor of 9 and 261?
9
Calculate the highest common factor of 50 and 2560.
10
Calculate the greatest common divisor of 4841 and 141.
47
Calculate the highest common factor of 752 and 94.
94
What is the highest common divisor of 6 and 162?
6
What is the greatest common divisor of 13 and 6799?
13
Calculate the greatest common divisor of 14 and 266.
14
Calculate the greatest common factor of 103 and 1.
1
Calculate the highest common divisor of 156 and 6162.
78
Calculate the greatest common divisor of 45 and 150.
15
Calculate the greatest common divisor of 136 and 120.
8
What is the greatest common divisor of 16 and 18440?
8
Calculate the greatest common factor of 90 and 1070.
10
Calculate the greatest common divisor of 288 and 3984.
48
Calculate the highest common factor of 1472 and 207.
23
What is the highest common divisor of 2193 and 561?
51
Calculate the greatest common divisor of 300 and 480.
60
What is the greatest common divisor of 35 and 21?
7
What is the highest common factor of 364 and 468?
52
Calculate the greatest common factor of 7 and 896.
7
Calculate the greatest common divisor of 348 and 24.
12
What is the highest common divisor of 1003 and 17?
17
Calculate the highest common divisor of 654 and 54.
6
Calculate the highest common factor of 63 and 3549.
21
Calculate the greatest common divisor of 644 and 14.
14
Calculate the greatest common divisor of 248 and 152.
8
What is the greatest common factor of 12216 and 8?
8
Calculate the greatest common factor of 40 and 10320.
40
Calculate the greatest common factor of 27 and 309.
3
What is the greatest common divisor of 36 and 1116?
36
Calculate the greatest common divisor of 77 and 22.
11
What is the greatest common divisor of 1188 and 648?
108
What is the greatest common factor of 363 and 99?
33
What is the highest common divisor of 188 and 25756?
188
Calculate the highest common divisor of 868 and 224.
28
Calculate the highest common divisor of 12 and 36.
12
What is the greatest common divisor of 7728 and 42?
42
What is the greatest common divisor of 4 and 188?
4
Calculate the highest common divisor of 285 and 1215.
15
Calculate the greatest common divisor of 580 and 80.
20
Calculate the greatest common factor of 14 and 16366.
14
Calculate the highest common factor of 18 and 1062.
18
What is the highest common factor of 16 and 32?
16
What is the highest common divisor of 32 and 500?
4
Calculate the greatest common divisor of 1120 and 48.
16
Calculate the highest common divisor of 321 and 3.
3
What is the highest common factor of 442 and 374?
34
Calculate the highest common divisor of 976 and 16.
16
What is the highest common factor of 68 and 357?
17
Calculate the highest common factor of 68 and 1751.
17
What is the greatest common factor of 1421 and 29?
29
Calculate the greatest common factor of 742 and 848.
106
What is the highest common divisor of 765 and 17?
17
What is the greatest common factor of 132 and 480?
12
What is the highest common factor of 26 and 52?
26
What is the greatest common factor of 31 and 279?
31
What is the highest common divisor of 260 and 3562?
26
What is the greatest common factor of 60 and 50?
10
What is the highest common factor of 5008 and 32?
16
Calculate the greatest common divisor of 6 and 5640.
6
Calculate the greatest common factor of 7 and 301.
7
What is the highest common divisor of 70 and 294?
14
What is the highest common divisor of 56 and 1192?
8
What is the greatest common divisor of 107 and 6955?
107
Calculate the highest common factor of 2464 and 224.
224
What is the highest common divisor of 3146 and 182?
26
What is the highest common factor of 10 and 130?
10
Calculate the greatest common divisor of 2 and 54.
2
Calculate the greatest common factor of 608 and 96.
32
What is the greatest common factor of 91 and 65?
13
Calculate the highest common factor of 320 and 6.
2
What is the greatest common factor of 36 and 7506?
18
What is the highest common divisor of 73 and 31171?
73
What is the greatest common factor of 3490 and 30?
10
Calculate the greatest common factor of 1011 and 3.
3
What is the highest common factor of 525 and 2025?
75
What is the highest common factor of 1467 and 2608?
163
What is the greatest common divisor of 11 and 18040?
11
Calculate the greatest common divisor of 240 and 570.
30
Calculate the greatest common factor of 9 and 63.
9
Calculate the highest common divisor of 1 and 89.
1
What is the greatest common divisor of 250 and 80?
10
Calculate the greatest common divisor of 14650 and 15.
5
Calculate the highest common divisor of 1521 and 26.
13
What is the greatest common divisor of 58 and 1566?
58
What is the highest common divisor of 56337 and 801?
267
Calculate the highest common factor of 5460 and 56.
28
Calculate the greatest common divisor of 16 and 998.
2
Calculate the greatest common factor of 10860 and 60.
60
What is t